+ -16 + -17 + 26 + (-1 - 2).
-11
What is -3117 + 3137 - (10 + (0 - -1))?
9
Calculate -4 - (-8 - -24) - -6.
-14
Calculate 3 - (-6 + (-8 - -27)) - -6.
-4
What is 33 + -24 + (-1 + (-5 - -1) - -1)?
5
Evaluate 3 + -5 + (9 - (12 - 1)).
-4
-6 + (1 - -7) + 5 + -11 + 21
17
-9 - (13 + -22 - -10)
-10
What is the value of 1 + (18 - -3 - 10)?
12
What is (-12 + 19 - (-8 - -18)) + (0 - -17)?
14
4 - (-1 - ((-5 - -13) + 0) - -13)
0
Calculate -3 + 11 + -5 + 0 + -2 + 9.
10
Evaluate 68 + -61 + -6 + -1 + 3.
3
What is the value of -11 + (-10 + 4 + 2 - -3)?
-12
What is the value of (-4 - 0 - (2 + -4)) + -6?
-8
What is -5 + 2 - -6 - (0 - (1 + -2))?
2
(-5 + -39 - -72) + -10
18
What is -25 - -22 - ((-21 - -5) + -9)?
22
Calculate 3 - (-1 - -18) - (-6 + 5 + -3).
-10
Evaluate (-3 - -10) + (-24 - -41) - (2 - -6).
16
Evaluate -11 + (15 + -43 - -50).
11
What is -6 + 2 + -9 + (-9 - -23)?
1
What is (30 - 26) + 37 + -22?
19
Calculate -7 + 4 - (-5 - (-5 - 10)).
-13
Evaluate (2 - -12) + 57 + -67 - 9 - -1.
-4
(16 - 10 - 0) + -6
0
6 + (11 - 21 - -19)
15
Calculate 3 + -18 + 78 + (-5 - 32).
26
Calculate 8 + -2 - 14 - (6 - -4).
-18
What is the value of 2 - (2 - 3 - -7) - 3?
-7
Calculate -14 - -32 - 7 - 0.
11
Evaluate 10 - (1 + -4 + (9 - 0) - -6).
-2
What is 3 + -3 + -21 - (-127 + 121)?
-15
Calculate -8 + (-4 - 0) + (9 - (11 + -3)).
-11
What is 15 - 0 - (99 - 82)?
-2
Evaluate 9 - 0 - (7 + -5 - (55 + -37)).
25
Calculate (-3 - -8 - -3) + 3 + -3.
8
Evaluate 1 + -1 + (16 - (5 + 3)).
8
Calculate -1 + 16 + -21 + 4.
-2
What is -2 - (12 + -2 - 13 - 1)?
2
-20 - -42 - 17 - 15
-10
Evaluate 1 - -11 - (17 - (67 - 65)).
-3
11 + 4 - (-29 + (24 - 6))
26
Evaluate 0 + (-1 - (2 + (2 - 6) + 9)).
-8
39 + -8 + -19 + 14 + 0
26
Calculate 19 - 34 - -3 - -21.
9
What is the value of 39 + (14 - 2) + -14 - 10?
27
6 + -17 + 14 + -18
-15
-25 + 2 + 184 + -141
20
What is 8 + (7 + 5 - 9 - -15)?
26
What is the value of -27 + (-22 - -40) + 1 + 13?
5
2 + (-34 - -27 - 10)
-15
-6 + 9 - 0 - 5
-2
Calculate (-1 - -5) + (-502 - -506).
8
Calculate 3 + -15 + 18 + -30 + 15.
-9
-19 + 52 - (4 - -5) - 11
13
What is the value of 0 + (-23 - -49) - 6?
20
Evaluate -4 - (-8 - (-14 + 17)).
7
What is -293 + 286 + 18 + 1?
12
89 + -82 - (-3 - 0)
10
Calculate (-22 - (10 - (17 - 7))) + 6.
-16
7 + 4 + 0 - (27 - 17)
1
(6 - 14) + 1 - (0 + -12 + 37)
-32
Evaluate 6 - (11 + 4 + -4 + (4 - 0)).
-9
Evaluate -1 + (-19 - 12) - (-1 + 4).
-35
Calculate (63 - (11 - -24)) + -40.
-12
5 + 1 - 4 - (5 + -8)
5
Calculate 0 - 8 - (8 + -4 + -20 + 18).
-10
Calculate -13 + (-1 - (-10 + -2)).
-2
10 + 0 + 152 + -148
14
-11 + -18 + 33 + -9
-5
4 + 9 + -9 + 6 + -8
2
Evaluate 27 - 40 - (-5 - 5).
-3
What is 20 + (-2 - (-3 + 5 + 3))?
13
-1 + (-6 - 2) + (-12 - -25)
4
(22 - 37 - 6) + 11
-10
What is (-9 - -6 - 5) + (7 - 5 - -1)?
-5
Calculate -12 + 21 + (3 - (1 - -7)) + -2.
2
What is the value of 30 - (11 - -4) - 49?
-34
What is the value of -274 - -262 - (-7 + -2)?
-3
Evaluate 5 - (-10 + 19) - (10 + -13).
-1
What is -27 - (-27 - (-21 - -46))?
25
Evaluate 6 - (0 + 8 - (-12 - -42 - 21)).
7
What is the value of -30 + 21 + -31 + 56?
16
-12 + 15 - (27 - (9 - (7 + -3)))
-19
What is the value of 19 - -1 - (-17 - (-17 + 6) - -9)?
17
Calculate 3 + (-10 - (10 - 2)) + (-7 - 1).
-23
What is 14 - -20 - (0 + 9 - -3)?
22
Calculate -3 + 1 - ((-6 + 1 - -3) + 8).
-8
What is (458 - 457) + (0 - 25)?
-24
What is (-1 - -6) + (-6 + 7 + -3 - -1)?
4
0 + -4 - (13 + 10 + 9 + -21)
-15
Calculate 27 + -10 - (1 - -7).
9
What is the value of -1 + -3 - 0 - (622 - 620)?
-6
What is the value of -8 + -4 + 17 + (-2 - (2 - -4))?
-3
What is the value of -1459 - -1442 - (-19 - (0 - 1))?
1
Evaluate (1 + 8 + 0 - -12) + 0.
21
Calculate (5 - -2) + -8 + -1 + -2 + 1.
-3
What is the value of 4 + 1 + -7 - (2 - (-4 + -1))?
-9
What is the value of (-6 - (19 + -33)) + 0?
8
Calculate 14 - ((14 - 8) + 4) - -4.
8
What is the value of -2 + -6 + (2 - -8) - -6?
8
What is the value of (-5 - (-3 - -2)) + (190 - 195)?
-9
What is the value of -6 + (-6 - (-6 + -3)) + 7 + -8?
-4
Evaluate 7 + -16 - (-4 + (-2 - (3 - -17))).
17
-6 - (2 - (18 + (-7 - -2 - -7)))
12
Evaluate 0 - (3 + 4 - -1) - -1 - -18.
11
What is the value of 9 - ((-9 - 1) + 9 + 21)?
-11
What is the value of -4 + -22 - -18 - 10?
-18
Calculate -9 - (-14 - (-9 - (-25 - -6))).
15
What is the value of 10 - (32 + (13 - 24))?
-11
What is -1 - (5 - (13 + -10))?
-3
Calculate 0 + 32 + -92 + 26.
-34
What is the value of -22 + (-8 - (3 + (-6 - 6))) + 5?
-16
(36 - 41 - -16) + -24
-13
Evaluate -2 - 8 - (-1 - 14).
5
Evaluate 13 - (-12 - ((9 - 4) + -12)).
18
What is 21 - (33 + -2) - -16?
6
41 + (23 - 47) - (10 + 0)
7
What is the value of -12 + -5 + (-47 - -73) + -43?
-34
What is (8 - 2) + (33 - 43) - (6 - 2)?
-8
Calculate -81 - -91 - (1 + -2 + (2 - -3)).
6
(-14 - (-13 - (15 + -14))) + 13 + 2
15
Calculate (-227 - -180) + (27 - 0).
-20
Calculate 1 - (-1 + 6 - (9 - 12) - 12).
5
Evaluate 1 + -68 + 347 + -313.
-33
What is the value of -3 - (-6 + 27 - 25)?
1
What is the value of -19 + (21 - 16) - -35?
21
Calculate 29 + -40 - (-14 + (-8 - -25)).
-14
What is 29 - (26 + -12) - 3 - (-1 - -1)?
12
Calculate (5 - 17 - -11) + 0 + 5.
4
What is -41 + (-11 - (28 - 62))?
-18
Evaluate 52 - 59 - (-2 - 3).
-2
What is -7 + -2 + (-105 - -119)?
5
What is (136 - 116) + (-8 - 1)?
11
-33 + 29 - (-5 - 26)
27
What is -3 - 1 - (-21 + 1 + (-27 - -49))?
-6
Evaluate -2 + (9 - 5) + 5.
7
Calculate -4 - (8 + -11) - (2 + (4 - 1)).
-6
1 - 0 - (-10 + (36 - 29))
4
What is (0 - (6 + -9 + 22)) + -5 - -1?
-23
-1 + 3 - (-35 + 12 - -10)
15
Calculate 22 + -11 + -2 - (5 + 25).
-21
-6 + -3 + 2 - (190 + -194)
-3
What is -3 + (-6 - -3 - -10 - 5)?
-1
Evaluate 27 + -24 + -8 + -8.
-13
What is the value of 5 + 9 + -21 + 15 + 2?
10
What is the value of -5 + (12 + -3 - (-6 - -2)) - 7?
1
Calculate 4 - (15 - (-1 - 2) - (-1 + 0)).
-15
(-1 - 3) + -307 + 318
7
Evaluate (-11 - (-22 + 0)) + -13.
-2
-7 + -40 + (11 - -12)
-24
What is the value of 15 - (-7 + (-3 - -8 - (5 - -4)))?
26
Evaluate (0 - -10) + 2 + -30.
-18
Evaluate -43 + (20 - (7 - (-15 - -16))).
-29
-3 + (5 - 2) + 3 - 5 - 8
-10
Calculate 90 + -70 + -4 + -17.
-1
Evaluate -1 + 6 - (0 + -3) - (-43 - -59).
-8
Evaluate 93 - 104 - (-4 - (-2 - (-20 - -1))).
10
Calculate 17 + (10 - (-11 + 17 - -8)).
13
What is the value of (16 - 10) + -17 + 15 + 3?
7
What is the value of (12 - 1) + 4 + -4 + -5 - 12?
-6
Evaluate (-41 - -12) + (21 - 24).
-32
What is -8 + (6 - (8 + (-3 - -4) + -9))?
-2
Evaluate (1 - ((-1 - -6) + -8 + 6)) + -14.
-16
Calculate -73 + 60 + (27 - (4 - -1)).
9
What is the value of -1 + -2 - ((-45 - -22) + 24)?
-4
Evaluate -23 - (33 - 8 - 35).
-13
What is -23 + 15 - (-4 - (1 - 2)) - -1?
-4
What is 47 + -53 + (25 - -2)?
21
Evaluate (10 - (4 + 23)) + 29.
12
13 + 13 + (-16 - -1)
11
Evaluate -4 - (53 - 24 - (8 + -7 + 2)).
-30
Evaluate 12 - (6 + -6 + 4).
8
2 + -7 + 0 + -4 + 22
13
What is (-113 - -120) + -18 + -4 + -3?
-18
-2 + (-9 - (2 - 26))
13
(-28 - -28 - (8 + (-2 - 1))) + 10
5
Calculate -27 - (-1 - 38) - 46.
-34
Calculate 8 + -6 + (3 + -1 + -1 - 13).
-10
12 - -1 - (-7 - (-5 - 13))
2
Calculate 343 + -350 + (-5 - -3 - 9 - -3).
-15
What is the value of 21 - 9 - (-7 + 5 + 7)?
7
Calculate 0 - 2 - (-2 + 1) - (77 + -82).
4
What is 8 + (-19 - -13) + 28 + -6?
24
Evaluate (-1 - 2) + -3 + (77 - 61).
10
What is (0 - -1) + (6 - (30 + -15)) + -1?
-9
What is the value of (-1 - -1 - -8) + (2 - 14) + 5?
1
(-24 - -5 - -4) + 2
-13
What is (1 - (4 + -1)) + (20 - 26)?
-8
Calculate 8 - (4 + -2) - (30 + -1 + -30).
7
Evaluate 2 + -8 + (15 - 18).
-9
What is the value of -10 - ((20 - 14 - -7) + -11)?
-12
What is the value of -31 - (-3 - -3 - 15)?
-16
(18 - 5 - 8) + (0 - (1 + 4))
0
(-48 - -124 - 92) + -18 + -1
-35
What is 19 - 1 - (-9 + (17 - -2))?
8
Calculate 3 - (7 + 10 + -6 + -2 + 2).
-8
(-3 - -1) + (-8 - (-10 + 11)) + 7
-4
What is 0 + (-7 - -14 - 1) - 3?
3
(-33 - (-60 - -48)) + -15 + 2
-34
Evaluate 1 + (-4 - (-11 + -4)) - -10.
22
3 - 15 - (-4 - (-3 - -40))
29
Evaluate (1 - 0) + 5 - (-19 + 46 + -11).
-10
Calculate -21 - (1 + -1 + (2 - 6) + 4).
-21
Calculate -597 + 590 + (1 - -13).
7
-4 - (1 - 9 - (56 - 69))
-9
Evaluate -8 + (11 - -5) + -4 + 4.
8
Evaluate 0 + -9 + 10 + 5 - 17.
-11
What is -4 + (-3 - -12) + -6 + -5?
-6
What is (7 - (-21 - (-1 - 14))) + 19?
32
Calculate (2 - (-22 - -12)) + (7 - 4).
15
What is 18 + 6 + (3